{"id":1395,"date":"2021-01-19T16:28:24","date_gmt":"2021-01-19T16:28:24","guid":{"rendered":"https:\/\/www.paularosado.com\/soprano\/audio\/"},"modified":"2021-01-19T16:28:25","modified_gmt":"2021-01-19T16:28:25","slug":"audio","status":"publish","type":"page","link":"https:\/\/www.paularosado.com\/soprano\/audio\/?lang=en","title":{"rendered":"Audio"},"content":{"rendered":"<p>[et_pb_section fb_built=&#8221;1&#8243; _builder_version=&#8221;4.6.6&#8243; _module_preset=&#8221;default&#8221;][et_pb_row _builder_version=&#8221;4.6.6&#8243; _module_preset=&#8221;default&#8221; hover_enabled=&#8221;0&#8243; custom_padding=&#8221;30px||||false|false&#8221; sticky_enabled=&#8221;0&#8243;][et_pb_column type=&#8221;4_4&#8243; _builder_version=&#8221;4.6.6&#8243; _module_preset=&#8221;default&#8221;][et_pb_text _builder_version=&#8221;4.6.6&#8243; _module_preset=&#8221;default&#8221; custom_padding=&#8221;2px||28px|||&#8221;]<\/p>\n<h2>Audio<\/h2>\n<p>[\/et_pb_text][\/et_pb_column][\/et_pb_row][\/et_pb_section][et_pb_section fb_built=&#8221;1&#8243; admin_label=&#8221;section&#8221; _builder_version=&#8221;3.22&#8243; _module_preset=&#8221;default&#8221;][et_pb_row column_structure=&#8221;1_2,1_2&#8243; admin_label=&#8221;row&#8221; _builder_version=&#8221;3.25&#8243; _module_preset=&#8221;default&#8221; background_size=&#8221;initial&#8221; background_position=&#8221;top_left&#8221; background_repeat=&#8221;repeat&#8221; custom_margin=&#8221;||20px&#8221;][et_pb_column type=&#8221;1_2&#8243; _builder_version=&#8221;3.25&#8243; _module_preset=&#8221;default&#8221; custom_padding=&#8221;|||&#8221; custom_padding__hover=&#8221;|||&#8221;][et_pb_audio audio=&#8221;http:\/\/www.paularosado.com\/soprano\/wp-content\/uploads\/2016\/09\/Zueignung-Acht-Gedichte-aus-Letzte-Blatter-Op.-10_Richard-Strauss.mp3&#8243; title=&#8221;Zueignung (Acht Gedichte aus Letzte Blatter &#8211; Op. 10 &#8211; R. Strauss)&#8221; artist_name=&#8221;Paula Rosado, soprano ; Roderigo Robles de Medina, piano&#8221; album_name=&#8221;Live recording&#8221; admin_label=&#8221;Audio &#8211; Zueignung&#8221; _builder_version=&#8221;3.21.2&#8243; _module_preset=&#8221;default&#8221; background_size=&#8221;initial&#8221; background_position=&#8221;top_left&#8221; background_repeat=&#8221;repeat&#8221; custom_margin=&#8221;|10px|25px|&#8221; custom_margin_tablet=&#8221;&#8221; custom_margin_phone=&#8221;&#8221; custom_margin_last_edited=&#8221;on|phone&#8221; custom_padding=&#8221;||&#8221; use_border_color=&#8221;off&#8221; border_color=&#8221;#ffffff&#8221; border_style=&#8221;solid&#8221;] [\/et_pb_audio][et_pb_audio audio=&#8221;http:\/\/www.paularosado.com\/soprano\/wp-content\/uploads\/2016\/09\/Infant-joy_Ten-Blake-songs_Ralph-Vaughan-Williams.mp3&#8243; title=&#8221;Infant joy (Ten Blake songs &#8211; R. Vaughan-Williams)&#8221; artist_name=&#8221;Paula Rosado, soprano ; Ruth L\u00f3pez Pontaque, hobo&#8221; album_name=&#8221;Recorded live&#8221; admin_label=&#8221;Audio &#8211; Infant Joy&#8221; _builder_version=&#8221;3.21.2&#8243; _module_preset=&#8221;default&#8221; background_size=&#8221;initial&#8221; background_position=&#8221;top_left&#8221; background_repeat=&#8221;repeat&#8221; custom_margin=&#8221;|10px|25px|&#8221; use_border_color=&#8221;off&#8221; border_color=&#8221;#ffffff&#8221; border_style=&#8221;solid&#8221;] [\/et_pb_audio][et_pb_audio audio=&#8221;http:\/\/www.paularosado.com\/soprano\/wp-content\/uploads\/2016\/09\/The-Plaint_Henry-Purcell.mp3&#8243; title=&#8221;The Plaint (The Fairy Queen &#8211; H. Purcell)&#8221; artist_name=&#8221;Paula Rosado, soprano ; Loreta Bartkeviciute, violin ; Elly van Munster, Theorbo ; Andrew Clark, Harpsichord&#8221; album_name=&#8221;Recorded live&#8221; admin_label=&#8221;Audio &#8211; The Plaint&#8221; _builder_version=&#8221;3.21.2&#8243; _module_preset=&#8221;default&#8221; background_size=&#8221;initial&#8221; background_position=&#8221;top_left&#8221; background_repeat=&#8221;repeat&#8221; custom_margin=&#8221;|10px|25px|&#8221; custom_margin_tablet=&#8221;&#8221; custom_margin_phone=&#8221;&#8221; custom_margin_last_edited=&#8221;on|phone&#8221; custom_padding=&#8221;||&#8221; use_border_color=&#8221;off&#8221; border_color=&#8221;#ffffff&#8221; border_style=&#8221;solid&#8221;] [\/et_pb_audio][et_pb_audio audio=&#8221;http:\/\/www.paularosado.com\/soprano\/wp-content\/uploads\/2016\/09\/Allerseelen-Acht-Gedichte-aus-Letzte-Blatter-Op.-10_Richard-Strauss.mp3&#8243; title=&#8221;Allerseelen (Acht Gedichte aus Letzte Blatter &#8211; Op. 10 &#8211; R. Strauss)&#8221; artist_name=&#8221;Paula Rosado, soprano ; Roderigo Robles de Medina, piano&#8221; album_name=&#8221;Live recording&#8221; admin_label=&#8221;Audio &#8211; Allerseelen&#8221; _builder_version=&#8221;3.21.2&#8243; _module_preset=&#8221;default&#8221; background_size=&#8221;initial&#8221; background_position=&#8221;top_left&#8221; background_repeat=&#8221;repeat&#8221; custom_margin=&#8221;|10px|25px|&#8221; custom_margin_tablet=&#8221;&#8221; custom_margin_phone=&#8221;&#8221; custom_margin_last_edited=&#8221;on|phone&#8221; custom_padding=&#8221;||&#8221; use_border_color=&#8221;off&#8221; border_color=&#8221;#ffffff&#8221; border_style=&#8221;solid&#8221;] [\/et_pb_audio][\/et_pb_column][et_pb_column type=&#8221;1_2&#8243; _builder_version=&#8221;3.25&#8243; _module_preset=&#8221;default&#8221; custom_padding=&#8221;|||&#8221; custom_padding__hover=&#8221;|||&#8221;][et_pb_audio audio=&#8221;http:\/\/www.paularosado.com\/soprano\/wp-content\/uploads\/2016\/09\/L-Indifferent-Sh\u00e9h\u00e9razade_Maurice-Ravel.mp3&#8243; title=&#8221;L&#8217;Indifferent (Sh\u00e9h\u00e9razade &#8211; M. Ravel)&#8221; artist_name=&#8221;Paula Rosado, soprano ; Roderigo Robles de Medina, piano&#8221; album_name=&#8221;Recorded live&#8221; admin_label=&#8221;Audio &#8211; L&#8217;Indifferent&#8221; _builder_version=&#8221;3.21.2&#8243; _module_preset=&#8221;default&#8221; background_size=&#8221;initial&#8221; background_position=&#8221;top_left&#8221; background_repeat=&#8221;repeat&#8221; custom_margin=&#8221;|10px|25px|&#8221; custom_margin_tablet=&#8221;&#8221; custom_margin_phone=&#8221;&#8221; custom_margin_last_edited=&#8221;on|phone&#8221; custom_padding=&#8221;||&#8221; use_border_color=&#8221;off&#8221; border_color=&#8221;#ffffff&#8221; border_style=&#8221;solid&#8221;] [\/et_pb_audio][et_pb_audio audio=&#8221;http:\/\/www.paularosado.com\/soprano\/wp-content\/uploads\/2016\/09\/Thyrsis-and-Milla_Thomas-Morley.mp3&#8243; title=&#8221;Thyrsis and Milla (T. Morley)&#8221; artist_name=&#8221;Paula Rosado, soprano ; Elly van Munster, Teorba ; Andrew Clark, Cravo&#8221; album_name=&#8221;Live recording&#8221; admin_label=&#8221;Audio &#8211; Thyrsis and Milla&#8221; _builder_version=&#8221;3.0.87&#8243; _module_preset=&#8221;default&#8221; background_size=&#8221;initial&#8221; background_position=&#8221;top_left&#8221; background_repeat=&#8221;repeat&#8221; custom_margin=&#8221;|10px|25px|&#8221; custom_margin_tablet=&#8221;&#8221; custom_margin_phone=&#8221;&#8221; custom_margin_last_edited=&#8221;on|phone&#8221; custom_padding=&#8221;||&#8221; use_border_color=&#8221;off&#8221; border_color=&#8221;#ffffff&#8221; border_style=&#8221;solid&#8221;] [\/et_pb_audio][et_pb_audio audio=&#8221;http:\/\/www.paularosado.com\/soprano\/wp-content\/uploads\/2016\/02\/Vorrei-punirti-indegno-W.A.-Mozart.mp3&#8243; title=&#8221;Vorrei punirti indegno (La Finta Giardiniera &#8211; W.A. Mozart)&#8221; artist_name=&#8221;Paula Rosado, soprano ; Maarten Hillenius, piano&#8221; album_name=&#8221;Recorded live&#8221; admin_label=&#8221;Audio &#8211; Vorrei punirti indegno&#8221; _builder_version=&#8221;3.21.2&#8243; _module_preset=&#8221;default&#8221; background_size=&#8221;initial&#8221; background_position=&#8221;top_left&#8221; background_repeat=&#8221;repeat&#8221; custom_margin=&#8221;|10px|25px|&#8221; custom_margin_tablet=&#8221;&#8221; custom_margin_phone=&#8221;&#8221; custom_margin_last_edited=&#8221;on|phone&#8221; custom_padding=&#8221;||&#8221; use_border_color=&#8221;off&#8221; border_color=&#8221;#ffffff&#8221; border_style=&#8221;solid&#8221;] [\/et_pb_audio][\/et_pb_column][\/et_pb_row][\/et_pb_section][et_pb_section fb_built=&#8221;1&#8243; _builder_version=&#8221;4.6.6&#8243; _module_preset=&#8221;default&#8221;][\/et_pb_section]<\/p>\n","protected":false},"excerpt":{"rendered":"<p>[et_pb_section fb_built=&#8221;1&#8243; _builder_version=&#8221;4.6.6&#8243; _module_preset=&#8221;default&#8221;][et_pb_row _builder_version=&#8221;4.6.6&#8243; _module_preset=&#8221;default&#8221; hover_enabled=&#8221;0&#8243; custom_padding=&#8221;30px||||false|false&#8221; sticky_enabled=&#8221;0&#8243;][et_pb_column type=&#8221;4_4&#8243; _builder_version=&#8221;4.6.6&#8243; _module_preset=&#8221;default&#8221;][et_pb_text _builder_version=&#8221;4.6.6&#8243; _module_preset=&#8221;default&#8221; custom_padding=&#8221;2px||28px|||&#8221;] Audio [\/et_pb_text][\/et_pb_column][\/et_pb_row][\/et_pb_section][et_pb_section fb_built=&#8221;1&#8243; admin_label=&#8221;section&#8221; _builder_version=&#8221;3.22&#8243; _module_preset=&#8221;default&#8221;][et_pb_row column_structure=&#8221;1_2,1_2&#8243; admin_label=&#8221;row&#8221; _builder_version=&#8221;3.25&#8243; _module_preset=&#8221;default&#8221; background_size=&#8221;initial&#8221; background_position=&#8221;top_left&#8221; background_repeat=&#8221;repeat&#8221; custom_margin=&#8221;||20px&#8221;][et_pb_column type=&#8221;1_2&#8243; _builder_version=&#8221;3.25&#8243; _module_preset=&#8221;default&#8221; custom_padding=&#8221;|||&#8221; custom_padding__hover=&#8221;|||&#8221;][et_pb_audio audio=&#8221;http:\/\/www.paularosado.com\/soprano\/wp-content\/uploads\/2016\/09\/Zueignung-Acht-Gedichte-aus-Letzte-Blatter-Op.-10_Richard-Strauss.mp3&#8243; title=&#8221;Zueignung (Acht Gedichte aus Letzte Blatter &#8211; Op. 10 &#8211; R. Strauss)&#8221; artist_name=&#8221;Paula Rosado, soprano ; Roderigo Robles de Medina, [&hellip;]<\/p>\n","protected":false},"author":2,"featured_media":0,"parent":0,"menu_order":0,"comment_status":"closed","ping_status":"closed","template":"","meta":{"_et_pb_use_builder":"on","_et_pb_old_content":"","_et_gb_content_width":""},"_links":{"self":[{"href":"https:\/\/www.paularosado.com\/soprano\/wp-json\/wp\/v2\/pages\/1395"}],"collection":[{"href":"https:\/\/www.paularosado.com\/soprano\/wp-json\/wp\/v2\/pages"}],"about":[{"href":"https:\/\/www.paularosado.com\/soprano\/wp-json\/wp\/v2\/types\/page"}],"author":[{"embeddable":true,"href":"https:\/\/www.paularosado.com\/soprano\/wp-json\/wp\/v2\/users\/2"}],"replies":[{"embeddable":true,"href":"https:\/\/www.paularosado.com\/soprano\/wp-json\/wp\/v2\/comments?post=1395"}],"version-history":[{"count":2,"href":"https:\/\/www.paularosado.com\/soprano\/wp-json\/wp\/v2\/pages\/1395\/revisions"}],"predecessor-version":[{"id":1397,"href":"https:\/\/www.paularosado.com\/soprano\/wp-json\/wp\/v2\/pages\/1395\/revisions\/1397"}],"wp:attachment":[{"href":"https:\/\/www.paularosado.com\/soprano\/wp-json\/wp\/v2\/media?parent=1395"}],"curies":[{"name":"wp","href":"https:\/\/api.w.org\/{rel}","templated":true}]}}