{"id":1228,"date":"2020-11-08T22:51:51","date_gmt":"2020-11-08T22:51:51","guid":{"rendered":"http:\/\/www.paularosado.com\/soprano\/?page_id=1228"},"modified":"2021-07-09T20:42:36","modified_gmt":"2021-07-09T20:42:36","slug":"aulas","status":"publish","type":"page","link":"https:\/\/www.paularosado.com\/soprano\/aulas\/","title":{"rendered":"Aulas"},"content":{"rendered":"<p>[et_pb_section fb_built=&#8221;1&#8243; admin_label=&#8221;section&#8221; _builder_version=&#8221;3.22&#8243;][et_pb_row column_padding_mobile=&#8221;on&#8221; admin_label=&#8221;row&#8221; _builder_version=&#8221;4.6.6&#8243; background_size=&#8221;initial&#8221; background_position=&#8221;top_left&#8221; background_repeat=&#8221;repeat&#8221; custom_padding=&#8221;30px||0px||false|false&#8221; make_fullwidth=&#8221;off&#8221; use_custom_width=&#8221;off&#8221; width_unit=&#8221;on&#8221;][et_pb_column type=&#8221;4_4&#8243; _builder_version=&#8221;3.25&#8243; custom_padding=&#8221;|||&#8221; custom_padding__hover=&#8221;|||&#8221;][et_pb_text admin_label=&#8221;Title &#8211; Aulas&#8221; _builder_version=&#8221;4.6.6&#8243; background_size=&#8221;initial&#8221; background_position=&#8221;top_left&#8221; background_repeat=&#8221;repeat&#8221; module_alignment=&#8221;left&#8221; use_border_color=&#8221;off&#8221; border_color=&#8221;#ffffff&#8221; border_style=&#8221;solid&#8221;]<\/p>\n<h2>Aulas<\/h2>\n<p>[\/et_pb_text][\/et_pb_column][\/et_pb_row][et_pb_row _builder_version=&#8221;3.25&#8243; background_size=&#8221;initial&#8221; background_position=&#8221;top_left&#8221; background_repeat=&#8221;repeat&#8221;][et_pb_column type=&#8221;4_4&#8243; _builder_version=&#8221;3.25&#8243; custom_padding=&#8221;|||&#8221; custom_padding__hover=&#8221;|||&#8221;][et_pb_testimonial author=&#8221;Kees Plaisier&#8221; job_title=&#8221;Aluno de canto&#8221; quote_icon_color=&#8221;#91278f&#8221; admin_label=&#8221;Testimonial -Kees Plaisier, voice student&#8221; _builder_version=&#8221;3.2&#8243; body_font=&#8221;||on||&#8221; body_font_size=&#8221;18&#8243; background_size=&#8221;initial&#8221; background_position=&#8221;top_left&#8221; background_repeat=&#8221;repeat&#8221; text_orientation=&#8221;center&#8221; custom_margin=&#8221;20px||20px|&#8221; use_border_color=&#8221;off&#8221; border_color=&#8221;#ffffff&#8221; border_style=&#8221;solid&#8221;] <em>Paula Rosado \u00e9 uma profissional da m\u00fasica com grandes capacidades como artista, professora e gestora. Ela \u00e9 muito meticulosa e prepara muito bem o seu trabalho, tendo uma boa percep\u00e7\u00e3o das necessidades dos seus clientes. A combina\u00e7\u00e3o das suas capacidades e conhecimentos de gest\u00e3o com a sua habilidade art\u00edstica \u00e9 muito especial.<\/em> [\/et_pb_testimonial][\/et_pb_column][\/et_pb_row][et_pb_row column_structure=&#8221;1_3,1_3,1_3&#8243; use_custom_gutter=&#8221;on&#8221; gutter_width=&#8221;3&#8243; padding_mobile=&#8221;off&#8221; column_padding_mobile=&#8221;on&#8221; _builder_version=&#8221;3.25&#8243; background_size=&#8221;initial&#8221; background_position=&#8221;top_left&#8221; background_repeat=&#8221;repeat&#8221; custom_padding=&#8221;10px||30px|&#8221; make_fullwidth=&#8221;off&#8221; use_custom_width=&#8221;off&#8221; width_unit=&#8221;on&#8221;][et_pb_column type=&#8221;1_3&#8243; _builder_version=&#8221;3.25&#8243; custom_padding=&#8221;|||&#8221; custom_padding__hover=&#8221;|||&#8221;][et_pb_image src=&#8221;http:\/\/www.paularosado.com\/soprano\/wp-content\/uploads\/2016\/02\/paula-rosado-aulas-voz-2.jpg&#8221; alt=&#8221;Aulas de voz, Paula Rosado&#8221; title_text=&#8221;Aulas de voz, Paula Rosado&#8221; align_tablet=&#8221;center&#8221; align_phone=&#8221;&#8221; align_last_edited=&#8221;on|desktop&#8221; admin_label=&#8221;Image &#8211; Aulas de Voz&#8221; _builder_version=&#8221;4.6.6&#8243; animation_style=&#8221;slide&#8221; animation_duration=&#8221;900ms&#8221; animation_intensity_slide=&#8221;10%&#8221; use_border_color=&#8221;off&#8221; border_color=&#8221;#ffffff&#8221; border_style=&#8221;solid&#8221; animation=&#8221;left&#8221; sticky=&#8221;off&#8221; always_center_on_mobile=&#8221;on&#8221;][\/et_pb_image][et_pb_text admin_label=&#8221;Title &#8211; Voz&#8221; _builder_version=&#8221;3.27.4&#8243; text_font=&#8221;Bitter|on|||&#8221; text_text_color=&#8221;#757575&#8243; text_font_size=&#8221;20&#8243; background_size=&#8221;initial&#8221; background_position=&#8221;top_left&#8221; background_repeat=&#8221;repeat&#8221; text_orientation=&#8221;center&#8221; module_alignment=&#8221;center&#8221; use_border_color=&#8221;off&#8221; border_color=&#8221;#ffffff&#8221; border_style=&#8221;solid&#8221;] Voz [\/et_pb_text][et_pb_text admin_label=&#8221;Text &#8211; Aulas de voz&#8221; _builder_version=&#8221;3.27.4&#8243; text_text_color=&#8221;#848484&#8243; background_size=&#8221;initial&#8221; background_position=&#8221;top_left&#8221; background_repeat=&#8221;repeat&#8221; module_alignment=&#8221;left&#8221; use_border_color=&#8221;off&#8221; border_color=&#8221;#ffffff&#8221; border_style=&#8221;solid&#8221;]Al\u00e9m de cantora l\u00edrica, desde h\u00e1 v\u00e1rios anos que sou professora de canto. O prazer de cantar \u00e9 o ponto de partida e o florescer de um instrumento como a voz \u00e9 sempre um processo emocionante. Ensino cantores (crian\u00e7as ou adultos) de todos os n\u00edveis, de principiantes a jovens profissionais que pretendam aperfei\u00e7oar a sua t\u00e9cnica ou trabalhar repert\u00f3rio espec\u00edfico, procurando a for\u00e7a e a qualidade de cada voz.\u00a0O trabalho \u00e9 intensivo, sendo esperado que o aluno tamb\u00e9m estude em casa. Trabalho essencialmente com repert\u00f3rio cl\u00e1ssico por forma a desenvolver a t\u00e9cnica do canto, havendo sempre espa\u00e7o para outros estilos.<br \/>\nRecentemente, tenho tamb\u00e9m desenvolvido trabalho na \u00e1rea da voz falada (dic\u00e7\u00e3o, pros\u00f3dia, projec\u00e7\u00e3o de voz) com actores, locutores de r\u00e1dio\/televis\u00e3o, professores ou pessoas que apenas desejam corrigir e melhorar a utiliza\u00e7\u00e3o da sua voz.<br \/>\n[\/et_pb_text][\/et_pb_column][et_pb_column type=&#8221;1_3&#8243; _builder_version=&#8221;3.25&#8243; custom_padding=&#8221;|||&#8221; custom_padding__hover=&#8221;|||&#8221;][et_pb_image src=&#8221;http:\/\/www.paularosado.com\/soprano\/wp-content\/uploads\/2016\/02\/paula-rosado-aulas.jpg&#8221; alt=&#8221;Aulas inicia\u00e7\u00e3o ao piano, Paula Rosado&#8221; title_text=&#8221;Aulas inicia\u00e7\u00e3o ao piano, Paula Rosado&#8221; align_tablet=&#8221;center&#8221; align_phone=&#8221;&#8221; align_last_edited=&#8221;on|desktop&#8221; admin_label=&#8221;Image &#8211; Inicia\u00e7\u00e3o ao piano&#8221; _builder_version=&#8221;4.6.6&#8243; animation_style=&#8221;slide&#8221; animation_duration=&#8221;900ms&#8221; animation_intensity_slide=&#8221;10%&#8221; use_border_color=&#8221;off&#8221; border_color=&#8221;#ffffff&#8221; border_style=&#8221;solid&#8221; animation=&#8221;left&#8221; sticky=&#8221;off&#8221; always_center_on_mobile=&#8221;on&#8221;][\/et_pb_image][et_pb_text admin_label=&#8221;Titulo &#8211; Inicia\u00e7\u00e3o ao piano&#8221; _builder_version=&#8221;3.27.4&#8243; text_font=&#8221;Bitter|on|||&#8221; text_text_color=&#8221;#757575&#8243; text_font_size=&#8221;20&#8243; background_size=&#8221;initial&#8221; background_position=&#8221;top_left&#8221; background_repeat=&#8221;repeat&#8221; text_orientation=&#8221;center&#8221; module_alignment=&#8221;center&#8221; use_border_color=&#8221;off&#8221; border_color=&#8221;#ffffff&#8221; border_style=&#8221;solid&#8221;] Inicia\u00e7\u00e3o ao Piano [\/et_pb_text][et_pb_text admin_label=&#8221;Text &#8211; Inicia\u00e7\u00e3o ao piano&#8221; _builder_version=&#8221;3.27.4&#8243; text_text_color=&#8221;#848484&#8243; background_size=&#8221;initial&#8221; background_position=&#8221;top_left&#8221; background_repeat=&#8221;repeat&#8221; module_alignment=&#8221;left&#8221; use_border_color=&#8221;off&#8221; border_color=&#8221;#ffffff&#8221; border_style=&#8221;solid&#8221;] \u00c9 um prazer ver um aluno desenvolver as suas capacidades musicais e art\u00edsticas com um instrumento t\u00e3o vers\u00e1til. Dedico-me essencialmente a iniciados, adultos ou crian\u00e7as a partir dos 6 anos que nunca tenham tocado e que queiram travar conhecimento com o piano. O trabalho \u00e9 essencialmente baseado em repert\u00f3rio cl\u00e1ssico mas \u00e9 poss\u00edvel fazer incurs\u00f5es no jazz e pop. [\/et_pb_text][\/et_pb_column][et_pb_column type=&#8221;1_3&#8243; _builder_version=&#8221;3.25&#8243; custom_padding=&#8221;|||&#8221; custom_padding__hover=&#8221;|||&#8221;][et_pb_image src=&#8221;http:\/\/www.paularosado.com\/soprano\/wp-content\/uploads\/2016\/02\/paula-rosado-aulas-ini-musical-04.jpg&#8221; alt=&#8221;Aulas inicia\u00e7\u00e3o musical, Paula Rosado&#8221; title_text=&#8221;Aulas inicia\u00e7\u00e3o musical, Paula Rosado&#8221; align_tablet=&#8221;center&#8221; align_phone=&#8221;&#8221; align_last_edited=&#8221;on|desktop&#8221; _builder_version=&#8221;4.6.6&#8243; _module_preset=&#8221;default&#8221; animation_style=&#8221;slide&#8221; animation_duration=&#8221;900ms&#8221; animation_intensity_slide=&#8221;10%&#8221;][\/et_pb_image][et_pb_text admin_label=&#8221;Titulo &#8211; Inicia\u00e7\u00e3o musical&#8221; _builder_version=&#8221;3.27.4&#8243; text_font=&#8221;Bitter|on|||&#8221; text_text_color=&#8221;#757575&#8243; text_font_size=&#8221;20&#8243; background_size=&#8221;initial&#8221; background_position=&#8221;top_left&#8221; background_repeat=&#8221;repeat&#8221; text_orientation=&#8221;center&#8221; module_alignment=&#8221;center&#8221; use_border_color=&#8221;off&#8221; border_color=&#8221;#ffffff&#8221; border_style=&#8221;solid&#8221;] Aventuras musicais para crian\u00e7as [\/et_pb_text][et_pb_text admin_label=&#8221;Text &#8211; Inicia\u00e7\u00e3o musical&#8221; _builder_version=&#8221;3.27.4&#8243; text_text_color=&#8221;#848484&#8243; background_size=&#8221;initial&#8221; background_position=&#8221;top_left&#8221; background_repeat=&#8221;repeat&#8221; module_alignment=&#8221;left&#8221; use_border_color=&#8221;off&#8221; border_color=&#8221;#ffffff&#8221; border_style=&#8221;solid&#8221;] Muitas crian\u00e7as come\u00e7am a demonstrar aptid\u00f5es musicais desde cedo, sendo, no entanto, prematuro escolher um instrumento musical nesse momento. As aulas de inicia\u00e7\u00e3o musical dos 4 aos 6 anos de idade pretendem desenvolver as compet\u00eancias musicais de cada crian\u00e7a, incentivando e estimulando a sua express\u00e3o pessoal, criatividade e imagina\u00e7\u00e3o e contribuindo para o enriquecimento pessoal. O objectivo principal \u00e9 a divers\u00e3o enquanto se faz m\u00fasica, desenvolvendo assim a concentra\u00e7\u00e3o, a coordena\u00e7\u00e3o motora, a mem\u00f3ria e a tomada de responsabilidade. O trabalho \u00e9 feito atrav\u00e9s de can\u00e7\u00f5es, jogos r\u00edtmicos e mel\u00f3dicos, acompanhamentos em instrumentos de percuss\u00e3o, jogos de movimento, brincadeiras com instrumentos, inicia\u00e7\u00e3o ao piano, entre outras. [\/et_pb_text][\/et_pb_column][\/et_pb_row][et_pb_row column_structure=&#8221;1_3,1_3,1_3&#8243; use_custom_gutter=&#8221;on&#8221; gutter_width=&#8221;3&#8243; padding_mobile=&#8221;off&#8221; column_padding_mobile=&#8221;on&#8221; _builder_version=&#8221;3.25&#8243; background_size=&#8221;initial&#8221; background_position=&#8221;top_left&#8221; background_repeat=&#8221;repeat&#8221; custom_padding=&#8221;10px||30px|&#8221; make_fullwidth=&#8221;off&#8221; use_custom_width=&#8221;off&#8221; width_unit=&#8221;on&#8221;][et_pb_column type=&#8221;1_3&#8243; _builder_version=&#8221;3.25&#8243; custom_padding=&#8221;|||&#8221; custom_padding__hover=&#8221;|||&#8221;][et_pb_toggle title=&#8221;Aulas de voz, saber mais&#8221; open_toggle_background_color=&#8221;#eac452&#8243; closed_toggle_background_color=&#8221;#eac452&#8243; icon_color=&#8221;#000000&#8243; admin_label=&#8221;Toggle &#8211; Aulas de voz, saber mais&#8221; _builder_version=&#8221;3.0.83&#8243; title_text_color=&#8221;#000000&#8243; body_text_color=&#8221;#000000&#8243; background_color=&#8221;#eac452&#8243; background_size=&#8221;initial&#8221; background_position=&#8221;top_left&#8221; background_repeat=&#8221;repeat&#8221;]<strong>Tarifa por aula: 40\u20ac<\/strong><\/p>\n<p>Local: Lisboa<br \/>\nPlaneamento flex\u00edvel conforme a disponibilidade do aluno<br \/>\nDura\u00e7\u00e3o: 1h<\/p>\n<p>[+351] 966 746 153<br \/>\nsoprano@paularosado.com<\/p>\n<p>&nbsp;<br \/>\n[\/et_pb_toggle][\/et_pb_column][et_pb_column type=&#8221;1_3&#8243; _builder_version=&#8221;3.25&#8243; custom_padding=&#8221;|||&#8221; custom_padding__hover=&#8221;|||&#8221;][et_pb_toggle title=&#8221;Inicia\u00e7\u00e3o ao piano, saber mais&#8221; open_toggle_background_color=&#8221;#eac452&#8243; closed_toggle_background_color=&#8221;#eac452&#8243; icon_color=&#8221;#000000&#8243; admin_label=&#8221;Toggle &#8211; Inicia\u00e7\u00e3o ao piano&#8221; _builder_version=&#8221;4.9.7&#8243; title_text_color=&#8221;#000000&#8243; body_text_color=&#8221;#000000&#8243; background_color=&#8221;#eac452&#8243; background_size=&#8221;initial&#8221; background_position=&#8221;top_left&#8221; background_repeat=&#8221;repeat&#8221; hover_enabled=&#8221;0&#8243; sticky_enabled=&#8221;0&#8243;]<\/p>\n<p><strong>Tarifa por aula: 40\u20ac<\/strong><\/p>\n<p>Local: Lisboa<br \/>Planeamento flex\u00edvel conforme a disponibilidade do aluno<br \/>Dura\u00e7\u00e3o: 1h<\/p>\n<p>[+351] 966 746 153<br \/>soprano@paularosado.com<\/p>\n<p>&nbsp;<\/p>\n<p>[\/et_pb_toggle][\/et_pb_column][et_pb_column type=&#8221;1_3&#8243; _builder_version=&#8221;3.25&#8243; custom_padding=&#8221;|||&#8221; custom_padding__hover=&#8221;|||&#8221;][et_pb_toggle title=&#8221;Aventuras musicais para crian\u00e7as, saber mais&#8221; open_toggle_background_color=&#8221;#eac452&#8243; closed_toggle_background_color=&#8221;#eac452&#8243; icon_color=&#8221;#000000&#8243; admin_label=&#8221;Toggle &#8211; inicia\u00e7\u00e3o musical&#8221; _builder_version=&#8221;3.0.83&#8243; title_text_color=&#8221;#000000&#8243; body_text_color=&#8221;#000000&#8243; background_color=&#8221;#eac452&#8243; background_size=&#8221;initial&#8221; background_position=&#8221;top_left&#8221; background_repeat=&#8221;repeat&#8221;]<strong>Tarifa por aula: 20\u20ac<\/strong><\/p>\n<p>Local: Lisboa<br \/>\nPlaneamento flex\u00edvel conforme a disponibilidade do aluno<br \/>\nDura\u00e7\u00e3o: 45 min<\/p>\n<p>[+351] 966 746 153<br \/>\nsoprano@paularosado.com<\/p>\n<p>&nbsp;<\/p>\n<p>&nbsp;<\/p>\n<p>&nbsp;<br \/>\n[\/et_pb_toggle][\/et_pb_column][\/et_pb_row][et_pb_row column_structure=&#8221;1_2,1_2&#8243; padding_mobile=&#8221;off&#8221; column_padding_mobile=&#8221;on&#8221; module_class=&#8221; et_pb_row_fullwidth&#8221; _builder_version=&#8221;3.25&#8243; background_color=&#8221;#f2f2f2&#8243; background_size=&#8221;initial&#8221; background_position=&#8221;top_left&#8221; background_repeat=&#8221;repeat&#8221; width=&#8221;100%&#8221; width_tablet=&#8221;100%&#8221; width_phone=&#8221;&#8221; width_last_edited=&#8221;on|desktop&#8221; max_width=&#8221;100%&#8221; max_width_tablet=&#8221;100%&#8221; max_width_phone=&#8221;&#8221; max_width_last_edited=&#8221;on|desktop&#8221; custom_padding=&#8221;20px||30px|&#8221; make_fullwidth=&#8221;on&#8221; use_custom_width=&#8221;off&#8221; width_unit=&#8221;on&#8221;][et_pb_column type=&#8221;1_2&#8243; _builder_version=&#8221;3.25&#8243; custom_padding=&#8221;|||&#8221; custom_padding__hover=&#8221;|||&#8221;][\/et_pb_column][et_pb_column type=&#8221;1_2&#8243; _builder_version=&#8221;3.25&#8243; custom_padding=&#8221;|||&#8221; custom_padding__hover=&#8221;|||&#8221;][et_pb_text _builder_version=&#8221;3.27.4&#8243; text_font_size=&#8221;10&#8243; background_size=&#8221;initial&#8221; background_position=&#8221;top_left&#8221; background_repeat=&#8221;repeat&#8221; text_orientation=&#8221;center&#8221; module_alignment=&#8221;center&#8221; use_border_color=&#8221;off&#8221; border_color=&#8221;#ffffff&#8221; border_style=&#8221;solid&#8221;] <em>Produ\u00e7\u00e3o fotogr\u00e1fica<\/em> [\/et_pb_text][et_pb_image src=&#8221;http:\/\/www.paularosado.com\/soprano\/wp-content\/uploads\/2016\/03\/logo_preto_MED_100x100.png&#8221; url=&#8221;http:\/\/www.lisbonphotomemories.com\/&#8221; align=&#8221;center&#8221; align_tablet=&#8221;center&#8221; align_phone=&#8221;&#8221; align_last_edited=&#8221;on|desktop&#8221; _builder_version=&#8221;3.23&#8243; use_border_color=&#8221;off&#8221; border_color=&#8221;#ffffff&#8221; border_style=&#8221;solid&#8221; animation=&#8221;off&#8221; sticky=&#8221;off&#8221; always_center_on_mobile=&#8221;on&#8221;][\/et_pb_image][\/et_pb_column][\/et_pb_row][\/et_pb_section]<\/p>\n","protected":false},"excerpt":{"rendered":"<p>[et_pb_section fb_built=&#8221;1&#8243; admin_label=&#8221;section&#8221; _builder_version=&#8221;3.22&#8243;][et_pb_row column_padding_mobile=&#8221;on&#8221; admin_label=&#8221;row&#8221; _builder_version=&#8221;4.6.6&#8243; background_size=&#8221;initial&#8221; background_position=&#8221;top_left&#8221; background_repeat=&#8221;repeat&#8221; custom_padding=&#8221;30px||0px||false|false&#8221; make_fullwidth=&#8221;off&#8221; use_custom_width=&#8221;off&#8221; width_unit=&#8221;on&#8221;][et_pb_column type=&#8221;4_4&#8243; _builder_version=&#8221;3.25&#8243; custom_padding=&#8221;|||&#8221; custom_padding__hover=&#8221;|||&#8221;][et_pb_text admin_label=&#8221;Title &#8211; Aulas&#8221; _builder_version=&#8221;4.6.6&#8243; background_size=&#8221;initial&#8221; background_position=&#8221;top_left&#8221; background_repeat=&#8221;repeat&#8221; module_alignment=&#8221;left&#8221; use_border_color=&#8221;off&#8221; border_color=&#8221;#ffffff&#8221; border_style=&#8221;solid&#8221;] Aulas [\/et_pb_text][\/et_pb_column][\/et_pb_row][et_pb_row _builder_version=&#8221;3.25&#8243; background_size=&#8221;initial&#8221; background_position=&#8221;top_left&#8221; background_repeat=&#8221;repeat&#8221;][et_pb_column type=&#8221;4_4&#8243; _builder_version=&#8221;3.25&#8243; custom_padding=&#8221;|||&#8221; custom_padding__hover=&#8221;|||&#8221;][et_pb_testimonial author=&#8221;Kees Plaisier&#8221; job_title=&#8221;Aluno de canto&#8221; quote_icon_color=&#8221;#91278f&#8221; admin_label=&#8221;Testimonial -Kees Plaisier, voice student&#8221; _builder_version=&#8221;3.2&#8243; body_font=&#8221;||on||&#8221; body_font_size=&#8221;18&#8243; background_size=&#8221;initial&#8221; background_position=&#8221;top_left&#8221; [&hellip;]<\/p>\n","protected":false},"author":2,"featured_media":0,"parent":0,"menu_order":0,"comment_status":"closed","ping_status":"closed","template":"","meta":{"_et_pb_use_builder":"on","_et_pb_old_content":"","_et_gb_content_width":""},"_links":{"self":[{"href":"https:\/\/www.paularosado.com\/soprano\/wp-json\/wp\/v2\/pages\/1228"}],"collection":[{"href":"https:\/\/www.paularosado.com\/soprano\/wp-json\/wp\/v2\/pages"}],"about":[{"href":"https:\/\/www.paularosado.com\/soprano\/wp-json\/wp\/v2\/types\/page"}],"author":[{"embeddable":true,"href":"https:\/\/www.paularosado.com\/soprano\/wp-json\/wp\/v2\/users\/2"}],"replies":[{"embeddable":true,"href":"https:\/\/www.paularosado.com\/soprano\/wp-json\/wp\/v2\/comments?post=1228"}],"version-history":[{"count":10,"href":"https:\/\/www.paularosado.com\/soprano\/wp-json\/wp\/v2\/pages\/1228\/revisions"}],"predecessor-version":[{"id":1518,"href":"https:\/\/www.paularosado.com\/soprano\/wp-json\/wp\/v2\/pages\/1228\/revisions\/1518"}],"wp:attachment":[{"href":"https:\/\/www.paularosado.com\/soprano\/wp-json\/wp\/v2\/media?parent=1228"}],"curies":[{"name":"wp","href":"https:\/\/api.w.org\/{rel}","templated":true}]}}